Let d be (-1)/(q/2) + -3. Let x(a) = -a**3 - 5*a**2 - a - 4. Give x(d).
1
Let f(d) = -d + 1. Let m(s) = -s. Let v(y) = -5*f(y) + 4*m(y). Give v(0).
-5
Let x(a) = -11*a + 1. Suppose 2*d - 12 = 5*v + 6, v - 18 = -5*d. Suppose d*s = -16, r = -4*r - s + 1. Calculate x(r).
-10
Let k(r) = 991 + 4*r - 984 - 3*r. Give k(-8).
-1
Let c(y) = 2*y**3 - y. Suppose 3*d + 3 = 5*g + 5, 0 = -3*d + 3*g. Let k(q) = -q**2 + 8*q - 7. Let m be k(7). Let w = d - m. Give c(w).
-1
Let j(v) = 6*v - 5*v - 1 - 2*v. Let c(m) = -7. Let z(q) = -c(q) + j(q). Calculate z(5).
1
Let p(t) = -2*t**2 - 5*t - 3. Suppose c + 4*j = -2 + 3, 4*c + 3*j + 9 = 0. Calculate p(c).
-6
Suppose r = -g - 0*r - 2, 26 = -g + 5*r. Let s(i) = -4*i - 8. Determine s(g).
16
Let i be (0/1)/(1 + 1). Let u = 2 + i. Let r(p) = 10*p - 12*p + 7*p**2 - 2*p**2 - p**3 + 2. Calculate r(u).
10
Let w(l) = 3*l**3 + 2*l**2 + 2*l + 1. Let d(h) = 2*h**3 + h**2 + h + 1. Let r(p) = 8*d(p) - 5*w(p). Give r(2).
-1
Suppose -3*l = -2*l - 2. Let u(m) = -5*m + 3 + 6*m**3 + m + 2*m**2 - m**3 - 6*m**3. Determine u(l).
-5
Let x(g) = -g**2 - 7*g - 6. Suppose -2*y - 4*t + 10 = t, 0 = -4*y - 5*t. Determine x(y).
4
Let w(t) = 2*t - 5. Let m(h) = -3*h - 4. Let d be m(-3). Suppose -2*s + f = -10, -2*s + d*s = f + 15. What is w(s)?
5
Let m(w) be the third derivative of -w**6/30 - w**5/60 - w**4/12 - w**3/6 - 23*w**2. Give m(-2).
31
Let c = -1 + 1. Suppose -1 = 2*l + w, 3*w + 4 - 13 = c. Let f = 2 - l. Let y(m) = m**3 - 4*m**2 - m - 5. Give y(f).
-9
Let d(h) = -3*h**2 - h + 4. Suppose 0 = v + 2*v + 24. Let z(o) = o**2 - 1. Let k(f) = v*z(f) - 3*d(f). What is k(-5)?
6
Let h(v) = v + 2. Let b(u) = -u - 1 + 3*u + 2*u**2 - u**2. Suppose 2*p + 2*p + 18 = -2*z, 0 = -3*p + 3*z. Let j be b(p). What is h(j)?
4
Let l(p) = -p**2 - 4*p - 4. Let b be (0 + 3 + -1)*-1. Let s be (-39)/8 + b/16. Determine l(s).
-9
Let h(k) = -k**3 + 2*k**2 + 5*k - 3. Let n(r) = 10*r + r**2 + r**2 - 3*r**2 - 11. Let v be n(8). Suppose -3*m + 4 + v = 3*q, 2*q - 3 = -m. Give h(m).
3
Let h(g) be the third derivative of g**5/60 - g**4/4 + g**3 - 5*g**2. What is h(5)?
1
Let s(z) = z**3 - 3*z**2 - 3*z - 4. Suppose 0 = -2*n - 4*h, -5*n = h + 3*h. Suppose -3*p - 2*p + 20 = n. Calculate s(p).
0
Let z(p) = -p - 2. Suppose 7*n = 1 + 13. Determine z(n).
-4
Let c(v) = v + 27. Let m be c(-26). Let j(q) = -10*q - 1. Give j(m).
-11
Let r(y) = 1 + 22*y**3 - 8*y + 7*y - 7*y**3 + y**2. Give r(1).
16
Let m(v) = 1 + 0*v**3 - v - 3*v**2 + 3*v + v**3 + 0*v**2. Let r be -2 - (-1)/((-3)/(-9)). Suppose -2 - r = -i. What is m(i)?
7
Let k(r) = r**2 - 2*r + 1. Let g(n) = -n. Let h(y) = 5*g(y) - k(y). Give h(-4).
-5
Let o(f) = -f. Let g be ((-3)/9)/((-1)/3). Give o(g).
-1
Let w(n) = 2*n**2 + 4*n - 1. Let z(j) be the second derivative of -1/6*j**3 + 0 + 4*j + 11/2*j**2. Let h be z(14). Give w(h).
5
Let j = 39 + -36. Let a(p) = -p**3 + p**2 + 2*p + 2. Give a(j).
-10
Let i(p) = 16*p**3 + 15*p**2 + 11*p + 6. Let y(r) = -3*r**3 - 3*r**2 - 2*r - 1. Let g(t) = -2*i(t) - 11*y(t). Calculate g(-2).
3
Suppose -o = -0 - 10. Let y(m) = 4*m**2 + o*m**3 - 3*m**2 - 9*m**3 - 3*m. Give y(-3).
-9
Let w(x) be the second derivative of -x**8/6720 + x**7/504 + 7*x**5/120 - x**4/3 - 4*x. Let f(p) be the third derivative of w(p). Give f(5).
7
Let s(h) = -h - 3. Let v be -1 - -4 - (6 + 0). Let d be s(v). Let z(f) = 6 - 4 - f**2 + 8. Determine z(d).
10
Let m(s) = -s**2 - 5*s - 3. Let u = 7 - 5. Suppose -u*j = -0*j + 10. Let i be ((-2)/j)/(2/(-30)). What is m(i)?
-9
Suppose d = -3*d - 5*a + 36, -4*d + 20 = a. Let s be (24/28)/(d/14). Let n(o) be the first derivative of o**3/3 - o**2 + o - 1. Determine n(s).
4
Let y(f) be the third derivative of 1/60*f**5 + 0 - 3/40*f**6 + 3*f**2 - 1/24*f**4 - 1/6*f**3 + 0*f. Calculate y(-1).
10
Let k(t) = -3*t + 8. Let c(l) = 10*l - 23. Suppose 0 = -4*w - p + 8, w + 3*p + 6 = 4*w. Let v(q) = w*c(q) + 7*k(q). Calculate v(5).
5
Let p(m) = -m - 5 + 17*m**3 - 4*m**3 - 14*m**3. What is p(0)?
-5
Let h(j) = -j - 1. Let w be ((-2)/4)/((-1)/(-6)). Let f = -6 - w. Determine h(f).
2
Let x(y) = -y + 6. Let p(s) = s**3 - 6*s**2 + 2*s - 7. Let q be p(6). Let n be x(q). Let w(g) = -2 + g + n - 2*g - 2. What is w(-4)?
1
Let h = 61 + -60. Let d = -5 + 8. Let r(f) = 5*f**2 + d*f**2 - 3*f**2 - f. Calculate r(h).
4
Let v(n) be the third derivative of n**6/120 - n**5/10 - 4*n**3/3 + 35*n**2. Determine v(6).
-8
Let z be 33/6 - 6/4. Let t(n) = 2*n - 5. Let j be t(z). Let s(m) = m**3 - 3*m**2 + 3*m - 1. Calculate s(j).
8
Let r be (-10)/(-3)*(-24)/(-20). Let h(f) = -f**2 - f. Let i(l) = 3*l**2 + 3*l. Let n(u) = r*h(u) + 2*i(u). Let o(k) = k - 2. Let q be o(0). What is n(q)?
4
Let r(z) = 7*z**2 + 1. Let x(f) = -f - 11. Let v(u) = 2*u - 3. Let b be v(-3). Let m be x(b). Let h be 2*1*m/(-4). Give r(h).
8
Let l(y) = 4*y + 6 - 3*y - y**3 + 4 + 3 - y**2. Suppose 5*m + 16 = m - 4*p, -2*p - 8 = 3*m. What is l(m)?
13
Let y(c) = 6*c**3 - c**2. Let b(t) = -2*t + 7. Let q be b(4). Determine y(q).
-7
Suppose -3*r - 2*j = -10, 5*r - j = j + 38. Suppose -3*g + 0*g = -4*c + 15, 2*c = 3*g + 15. Let k(z) = -9 + 3*z**2 + 7*z - 4*z**2 + c*z**2. Determine k(r).
-3
Let r(t) = t**3 - 6*t**2 + 6*t - 5. Let y be r(5). Let s(g) be the first derivative of g**4/4 + g**2/2 + 15*g + 136. What is s(y)?
15
Let i(a) = a**2 + 6*a - 1. Let x be i(-5). Let d(y) be the second derivative of -3*y**2 + 0 + 1/12*y**4 - 2*y + 5/6*y**3. What is d(x)?
0
Let o(z) = -12*z + 70. Let n be o(6). Let c(t) = t**2 - t. Give c(n).
6
Let h be -12*((-24)/(-9) + -3). Suppose 2*p - 26 = h*g, -4*p - 3*g - 4 = -1. Let s(z) be the second derivative of z**4/6 - z**3/2 - 2*z**2 + z. Calculate s(p).
5
Let z be 4/(-14) - 16/(-7). Suppose g - z*g = -6. Let c(i) = -i**3 - i**2 - 2*i**2 + g*i**2. Give c(3).
0
Suppose 2 = -2*a - b + 12, a - 14 = -5*b. Suppose -5*s + 15 - 4 = t, t - 8 = -a*s. Let v(h) be the first derivative of h**2/2 - 5*h - 2. Give v(s).
-2
Let r(j) = 8*j - 7. Let i(m) = 23*m - 20. Let o(a) = -6*i(a) + 17*r(a). Let p = 11 + -8. Suppose -5*v - 4 = -3*q, v = p*q - 8*q + 16. What is o(q)?
-5
Let i(k) = -2*k + 1. Let x(j) = j**2 - 7*j + 3. Let g be x(7). Let w(f) = f**2 + 6*f + 7. Let v be w(-6). Suppose -g = -2*b - v. What is i(b)?
5
Suppose -b - 15 = 4*b. Let w(l) be the third derivative of -4*l**2 - 7/6*l**3 + 0 - 1/24*l**4 + 0*l. What is w(b)?
-4
Suppose -8*f + 10*f = -10. Let j(z) = z**2 + 6*z + 1. Determine j(f).
-4
Suppose 2*r = 7*r - 10. Let t(b) = 3 + 3*b**r - 5 + 3*b + 2. Determine t(-2).
6
Let i(y) be the third derivative of y**5/60 + y**4/3 + 2*y**3/3 + 18*y**2. Give i(-3).
-11
Let v(i) be the third derivative of -i**4/24 - i**3/3 - 12*i**2. Calculate v(3).
-5
Let t(s) = s**2 - 6*s + 6. Let v be 12/(-4)*1*-1. Suppose -f - 3*y = -v*f + 4, 0 = 4*f + 3*y - 26. Determine t(f).
1
Let i(x) be the first derivative of x**4/4 + x**3 + x**2 + x - 4. Calculate i(-3).
-5
Let a(k) = -8*k. Suppose -24 + 44 = -5*t. Give a(t).
32
Suppose 0 = 4*m - 0*m. Suppose 6 = -m*s + s. Let h(t) = t**3 - 6*t**2 - t - 2. Calculate h(s).
-8
Let d(k) be the first derivative of k**4/4 - 3*k**2/2 - 3*k + 2. Calculate d(3).
15
Let t = 39 + -36. Let m(r) = r**3 - 5*r**2 + 3*r + 1. Give m(t).
-8
Let l be -3*(2 + 0)/2. Let q be l - (-3)/3 - -7. Let x(f) = -4*f**2 + 4 - 9*f + f**3 - 1 + 4*f. Determine x(q).
3
Let h(q) be the first derivative of q**2/2 + 7*q - 5. What is h(-9)?
-2
Let s(a) = 1 + a - 8*a - a**2 - 7 + 2. Give s(-5).
6
Let z(a) be the second derivative of a**6/720 - a**5/40 + a**4/6 - 2*a. Let d(n) be the third derivative of z(n). Determine d(5).
2
Let f = -6 - -4. Let o(g) be the first derivative of g**7/420 + g**6/180 - g**5/60 - 2*g**3/3 + 2. Let j(b) be the third derivative of o(b). Determine j(f).
-4
Let f(u) = 2*u + 4. Let w(x) = -x + 2*x + 0*x + 2. Let h(r) = 6*f(r) - 11*w(r). Let s be (24/(-30))/((-2)/5). What is h(s)?
4
Let x(h) = h**2 + h. Let a(k) = -3*k**2 - 10*k - 1. Let n(g) = a(g) + 4*x(g). Determine n(3).
-10
Let r(t) = t + 69 - 3*t - 145 + 72. What is r(4)?
-12
Let a(b) = 1 + 0 - 2. Let l(x) = -x**2 - 17 - x - 4 + 11. Let d(s) = 22*a(s) - 2*l(s). Determine d(-2).
2
Let c(t) = t**3 + t**2 + 3*t - 1. Let a(h) = -2*h**3 - h**2 - 5*h + 2. Let x(f) = 5*a(f) + 8*c(f). Calculate x(2).
-4
Let t(r) = 12*r - 7. Let s(d) = -d + 1. Let l(y) = 6*s(y) + t(y). Calculate l(2).
11